Let s(p) = -68*p**2 + 797*p - 54. What is s(12)?
-282
Let g(c) = 17*c**3 - 123*c**2 + 37*c - 108. Calculate g(7).
-45
Let s(a) = -a**2 - 36308*a - 435534. Give s(-12).
18
Let x(n) = 2*n**3 + 112*n**2 - 12*n - 817. What is x(-56)?
-145
Let f(o) = 1582*o + 8195. Determine f(-4).
1867
Let i(l) = -2*l**2 + 174*l - 63. Give i(0).
-63
Let z(q) = q**3 + 298*q**2 + 1135*q - 12021. What is z(-294)?
33
Let b(g) = 2*g**3 + 88*g**2 + 259*g + 6. Calculate b(-3).
-33
Let t(r) = 41062*r + 1642476. Determine t(-40).
-4
Let j(n) = -8*n**3 + 69*n**2 - 43*n + 45. Give j(6).
543
Let i(l) = -101*l - 3919. Give i(-38).
-81
Let l(p) = 15536*p + 233044. Determine l(-15).
4
Let d(z) = -3*z**2 + 1710*z - 45480. Determine d(542).
48
Let t(r) = 4*r**2 + 422*r - 204. Determine t(-106).
8
Let y(r) = -r**3 + 22*r**2 + 18*r - 92. Determine y(8).
948
Let k(z) = -28*z**3 + 4*z**2 - 120*z + 117. Give k(1).
-27
Let m(h) = -h**2 + 467*h + 1285289. Calculate m(-924).
5
Let d(g) = -179*g**3 + 6080*g**2 + 196*g + 269. Calculate d(34).
-3
Let b(d) = -37*d**2 + 949*d + 229. Determine b(26).
-109
Let j(r) = 9831*r**2 - 98314*r + 42. Calculate j(10).
2
Let b(g) = 15*g**2 - 1851*g - 7415. Calculate b(-4).
229
Let r(f) = -f**2 + 246*f + 55228. Determine r(388).
132
Let p(s) = -s**2 + 245*s + 3854. Calculate p(-15).
-46
Let b(m) = -131817*m - 3163648. Calculate b(-24).
-40
Let f(l) = -63*l**2 + 1451*l + 10. Determine f(24).
-1454
Let p(h) = 31*h**3 - 603*h**2 + 1318*h - 443. Determine p(17).
-1
Let d(o) = -53*o + 997. Calculate d(18).
43
Let x(d) = d**2 + 708*d - 65620. Give x(83).
33
Let z(x) = -11*x**2 + 470118*x + 1410453. What is z(-3)?
0
Let a(r) = 75*r + 1208. What is a(-16)?
8
Let c(j) = -239699*j + 1198605. What is c(5)?
110
Let q(h) = -9*h**3 - 284*h**2 - 182*h - 855. What is q(-31)?
-18
Let z(y) = 4*y**3 + 20*y**2 + 597*y + 5284. Give z(-10).
-2686
Let s(p) = p**3 - 11*p**2 - 442*p + 3647. What is s(8)?
-81
Let m(f) = -33*f**2 - 808*f - 3266. Determine m(-4).
-562
Let u(h) = h**3 + 49*h**2 - 77*h - 440. What is u(-52)?
-4548
Let q(h) = -2*h**2 + 1126*h + 13873. Calculate q(-12).
73
Let r(w) = 44001*w - 1892053. Determine r(43).
-10
Let d(p) = 29783*p**2 - 208506*p + 13. Give d(7).
-162
Let y(n) = -6*n**2 - 343*n - 3479. Determine y(-13).
-34
Let u(z) = 279*z - 31343. Give u(113).
184
Let g(d) = 314*d**2 - 3050*d + 2736. What is g(1)?
0
Let s(c) = 292*c - 438908. Calculate s(1503).
-32
Let j(b) = -2*b**3 - 481*b**2 + 3817*b + 171. Give j(8).
-1101
Let j(y) = 2348*y - 281767. Determine j(120).
-7
Let k(b) = 5*b**3 - 265*b**2 - 850*b + 562. Calculate k(56).
2
Let v(g) = -3*g**2 - 344*g + 2755. Give v(-122).
71
Let j(w) = 1602*w**2 - 54*w + 13. Calculate j(1).
1561
Let p(n) = -3986*n**2 - 31915*n - 176. What is p(-8)?
40
Let c(d) = -787*d - 1027. Determine c(-2).
547
Let p(c) = 1086*c + 73138. Calculate p(-68).
-710
Let k(u) = 564*u + 17526. Give k(-31).
42
Let q(s) = -s**2 + 2912*s + 46872. Determine q(-16).
24
Let j(l) = -30*l**2 - 320*l + 112. What is j(-8)?
752
Let c(y) = -311*y - 84132. Calculate c(-271).
149
Let x(p) = -17266*p - 224449. Give x(-13).
9
Let w(l) = -2*l**2 - 166774*l + 500314. Give w(3).
-26
Let b(d) = -d**2 - 57*d + 17225. Give b(105).
215
Let b(i) = 5351*i + 5468720. Determine b(-1022).
-2
Let h(z) = 3*z**2 + 875*z - 30018. Give h(31).
-10
Let r(d) = d**2 - 41*d - 266. Give r(-12).
370
Let i(n) = -5*n**2 + 1565*n - 23991. Give i(16).
-231
Let q(t) = 189*t**2 - 78*t - 284. Determine q(-3).
1651
Let i(s) = s**3 - 168*s**2 + 664*s - 1188. Calculate i(164).
124
Let s(c) = -5259*c + 299768. Determine s(57).
5
Let y(t) = -8*t**3 - 3687*t**2 + 476*t + 6912. Calculate y(-461).
-3
Let c(n) = 81*n**2 - 44922*n - 44923. Determine c(-1).
80
Let q(v) = -2268*v + 80271. Determine q(35).
891
Let l(q) = -q**3 + 103*q**2 - 147*q + 4422. Determine l(102).
-168
Let x(k) = 132*k**2 + 51221*k + 1927. What is x(-388)?
-13
Let c(p) = -53301*p + 959417. Determine c(18).
-1
Let w(j) = j**3 + 4*j**2 - 170*j + 98. What is w(11)?
43
Let g(h) = -23298*h - 559077. Determine g(-24).
75
Let g(m) = 2*m**3 - 55*m**2 + 190*m - 6120. Determine g(28).
-16
Let p(a) = a**2 + 1485*a + 40801. Calculate p(-28).
5
Let w(r) = 5*r**2 - 667*r - 18946. What is w(158)?
488
Let k(d) = -15*d**2 - 25225*d - 100877. What is k(-4)?
-217
Let o(l) = -15*l**2 - 173*l + 466. Determine o(-14).
-52
Let b(c) = 2*c**2 + 33*c + 34. Determine b(-28).
678
Let k(s) = -105*s**3 + 3*s**2 - 118*s + 113. Determine k(1).
-107
Let z(l) = -35793*l + 787261. Calculate z(22).
-185
Let i(r) = -15042*r + 79880. Calculate i(5).
4670
Let b(p) = -9*p**2 + 948*p - 8159. Calculate b(10).
421
Let o(a) = 2*a**2 - 39*a - 566. Determine o(-13).
279
Let i(p) = -3*p**2 + 30340*p - 4895069. What is i(164)?
3
Let o(q) = -516*q - 17979. Determine o(-35).
81
Let n(k) = 31014*k - 527252. Calculate n(17).
-14
Let a(r) = -r**3 - 444*r**2 + 438*r + 8. Calculate a(1).
1
Let v(l) = l**3 + 101*l**2 + 1740*l + 138. Calculate v(-79).
-20
Let h(a) = 2942*a + 1173853. Determine h(-399).
-5
Let n(x) = 3*x**3 - 60*x**2 + 224*x + 626. Give n(13).
-11
Let p(y) = -5*y**2 - 710*y + 3052. Determine p(-146).
132
Let i(b) = b**3 - 2*b**2 + 237*b - 999. Determine i(4).
-19
Let s(j) = -j**2 - 18*j + 574. Calculate s(22).
-306
Let a(l) = 4*l**3 - 49*l**2 - 115*l + 1526. Determine a(12).
2
Let o(i) = i**3 - 49*i**2 + 181*i - 183. Give o(45).
-138
Let p(b) = -945*b**2 - 590629*b - 2486. Calculate p(-625).
14
Let d(m) = 2810*m + 2790370. Give d(-993).
40
Let u(p) = -p**2 - p + 79. Calculate u(8).
7
Let a(b) = -245*b**2 - 1264*b + 47. What is a(-5)?
242
Let t(y) = 9729*y**2 - 223765*y - 5. Calculate t(23).
41
Let i(k) = k**2 - 377*k + 5417. Calculate i(16).
-359
Let h(z) = -45*z**3 - 1304*z**2 - 51*z - 2320. Determine h(-29).
0
Let l(t) = -2*t**2 - 6850*t + 75567. Calculate l(11).
-25
Let j(y) = -7948*y + 1764458. Determine j(222).
2
Let m(l) = -3*l**3 - 118*l**2 - 17*l + 1008. Give m(-39).
150
Let j(x) = -10*x**2 + 24*x + 197. Calculate j(-7).
-461
Let y(h) = -5*h**2 - 199035*h + 398081. Give y(2).
-9
Let s(l) = 4715*l + 46935. Determine s(-10).
-215
Let r(d) = d**2 - 533*d - 18496. Give r(-33).
182
Let d(p) = -p**3 - 474*p**2 + 105433*p - 1274. Calculate d(-639).
4
Let f(n) = -5032*n + 95583. Determine f(19).
-25
Let w(i) = i**3 - 11*i**2 + 1767*i - 27079. Determine w(15).
326
Let l(k) = -k**3 + 127*k**2 - 1453*k - 3190. Calculate l(114).
116
Let w(b) = -44*b - 2220. Give w(-58).
332
Let p(g) = 6442*g - 302774. What is p(47)?
0
Let f(c) = 2268*c**2 + 72591*c + 476. Determine f(-32).
-4
Let s(m) = -249*m - 11805. Give s(-48).
147
Let d(p) = -498*p - 3649. What is d(-8)?
335
Let m(l) = 9*l**2 + 11028*l + 98522. What is m(-9)?
-1
Let q(m) = 8*m**2 + 230*m + 100. Determine q(0).
100
Let b(u) = -4237*u - 21382. What is b(-5)?
-197
Let p(d) = -470*d - 36092. What is p(-77)?
98
Let p(r) = 30*r**2 - 46*r - 40. What is p(7)?
1108
Let g(j) = 8*j**3 - 51*j**2 - 129*j + 910. Give g(8).
710
Let z(d) = -d**3 + 22*d**2 + 13*d + 57. Calculate z(22).
343
Let r(h) = 4*h**3 - 12*h**2 + 49*h - 55. Calculate r(4).
205
Let x(n) = 12*n**3 - 1864*n**2 - 21251*n + 500. Calculate x(166).
2
Let g(w) = 929*w**2 + 39*w + 40. Give g(-1).
930
Let i(j) = -j**3 + 232*j**2 - 662*j - 5732. Calculate i(229).
-7
Let c(s) = -571*s**2 + 2870*s - 10. Give c(5).
65
Let o(q) = 26192*q**2 + 811958*q + 78. Give o(-31).
-108
Let y(g) = -14*g**3 + 49*g**2 - 416*g + 2058. Calculate y(5).
-547
Let r(i) = 2*i**3 + 41*i**2 + 39*i - 608. Give r(-18).
310
Let b(g) = g**3 + 16*g**2 + 246*g + 1330. Determine b(-8).
-126
Let i(d) = 3*d**2 + 774*d - 20302. Give i(24).
2
Let c(p) = -5*p**3 - 59*p**2 + 70*p + 1165. What is c(-11)?
-89
Let c(s) = s**3 + 681*s**2 + 115354*s + 5110. Calculate c(-365).
0
Let w(v) = v**2 - 747*v + 114827. Determine w(213).
1085
Let q(i) = -359*i + 2007. Calculate q(7).
-506
Let y(b) = b**3 - 46*b**2 - 63*b + 585. Determine y(47).
-167
Let m(t) = 19*t**2 + 8043*t - 5507. Give m(-424).
5
Let t(f) = 634*f - 9941. What is t(15)?
-431
Let m(r) = r**3 + 40*r**2 - 275*r - 572. Calculate m(-46).
-618
Let l(n) = 18129*n + 217545. Give l(-12).
-3
Let d(y) = -17*y**3 - 188*y**2 - 524*y - 53. What is d(-5)?
-8
Let c(o) = -o**3 - o**2 + 36*o + 16. Calculate c(-7).
58
Let n(m) = -2505*m - 1199896. Calculate n(-4